f b?
2
Let n be 18 + -78 + 14/(-2). Let i = n + 357. List the prime factors of i.
2, 5, 29
Let z be 3/(1 - 4/(-8)). Suppose -2*v = -z*i - 1222, -2*i = -1 - 5. Suppose -295 - v = -9*l. List the prime factors of l.
101
Suppose -31560*y + 31581*y - 866691 = 0. List the prime factors of y.
3, 13757
Let h = -37 + 40. Let f(t) = -t**3 + h*t**3 - 3*t**3 - 10 + 0*t**3 + 9*t - 5*t**2. List the prime factors of f(-7).
5
Let h = -24 + 27. Suppose -9 = h*p, p = -5*d + 3*p + 451. Suppose -2*o + 3*o = d. What are the prime factors of o?
89
Let c(o) = -4*o - 28. Let i be c(-8). Let w = -7 - -8. List the prime factors of ((-2)/i*w)/((-6)/336).
2, 7
Suppose -x + 3889 = d, -x - 209*d + 206*d + 3897 = 0. What are the prime factors of x?
3, 5, 7, 37
Suppose -51 = -2*q - 55, 0 = -5*t + 5*q + 107110. List the prime factors of t.
2, 3, 5, 7, 17
Let x(r) be the third derivative of -57*r**6/40 - r**5/6 + r**4/8 + r**3/3 - 13*r**2 + 12. List the prime factors of x(-2).
2, 331
Let o = -7380 - -13864. What are the prime factors of o?
2, 1621
Suppose -2*a - 8*a = -20. Suppose -i + 1 = -a. Let q(x) = 5*x**3 - 6*x**2 + x - 4. What are the prime factors of q(i)?
2, 5
Let j(k) = 2415*k - 33. List the prime factors of j(1).
2, 3, 397
Let i = -14234 - -26339. What are the prime factors of i?
3, 5, 269
Let x = 5618 + -636. List the prime factors of x.
2, 47, 53
Let y be (-13 - -29)*(-1 + -7)/(-2). Let w = y + -48. Suppose -3*o + w = -3*p + 295, 5*p - 472 = -2*o. List the prime factors of p.
2, 47
Suppose -8 = g - 5*i + i, g = -4*i + 16. Suppose -g*l + 782 = -2*l. Suppose l = 2*p + 21. What are the prime factors of p?
5, 37
Let i(u) = 278*u + 38. What are the prime factors of i(20)?
2, 3, 311
List the prime factors of 414/552*(-31512)/(-2).
3, 13, 101
Let u be 740 - ((-10)/14 - (-74)/(-259)). Let k = u + 130. List the prime factors of k.
13, 67
Let v = 17679 + -8256. List the prime factors of v.
3, 349
Let n(d) = 1976*d**2 - 2*d - 39. What are the prime factors of n(2)?
7, 1123
Suppose -7*g = -g - 282. What are the prime factors of 2*114/(-4)*g/(-47)?
3, 19
Suppose 4*k - 3*n = 1484, k - 1110 = -2*k + 3*n. Let d(h) = h**2 + 2*h + 1. Let v be d(-3). Suppose -k - 42 = -v*s. List the prime factors of s.
2, 13
Suppose -4*z = -8 - 8. Suppose -l = z*h - 1561, -2*l - 2*l = -h + 386. What are the prime factors of h?
2, 3, 5, 13
Let b(r) = 6*r**2 + 89*r - 18. Let x be b(-26). Suppose 15*k - x = 346. List the prime factors of k.
2, 3, 23
Let f(u) = -10*u**2 + 2*u - 14. Let i be f(-3). Let q = 227 - i. What are the prime factors of q?
337
What are the prime factors of (4 + -5)*((-14675)/(-75))/(2/(-126))?
3, 7, 587
Let n be 6/(-27) + (-145)/(-45). Suppose n*j + 8 = -151. Let d = 36 - j. List the prime factors of d.
89
Suppose 2*v = -6*v + 29664. What are the prime factors of v?
2, 3, 103
Let o(f) = 642*f + 35. Let p(w) = -215*w - 11. Let g(x) = 4*o(x) + 11*p(x). List the prime factors of g(3).
2, 157
What are the prime factors of (-123)/(-82)*(-3 + 34899/9 + 2)?
5, 1163
Let t(x) = 2*x - 22. Let k be t(11). Suppose k = 61*g - 58*g - 606. What are the prime factors of g?
2, 101
Let v = -193 + 84. Let x be 4/2 - -33*68/(-12). Let h = v - x. What are the prime factors of h?
2, 19
Let q(y) = y**2 + 234. Suppose 2*o - 13*o = 0. Suppose o = 2*i - 4*i. What are the prime factors of q(i)?
2, 3, 13
Let v(o) = -o**3 - 10*o**2 - 13*o - 26. Let r be v(-9). What are the prime factors of (2 - (r - 3))*-27?
3, 5
What are the prime factors of ((-71416)/(-20))/((-1065)/(-150) + -7)?
2, 79, 113
Suppose -575 = 5*a - 4*n, -a + 3*n = 91 + 35. Let o = -109 - a. What are the prime factors of 5/o*1222/65?
47
Let y = 83 + 2. Let b be (1/4)/(23/21988). Let m = b - y. What are the prime factors of m?
2, 7, 11
Let u = -697 + 1776. Let n = -674 + u. List the prime factors of n.
3, 5
List the prime factors of (13 - (-12 + -1 + 30))/((-8)/16754).
8377
Let w(j) = 6*j**3 - 2*j**2 - 4*j - 1. Let q be w(4). Suppose z = -q - 225. List the prime factors of z/21*3/(-2).
2, 5
Let o(m) be the third derivative of m**6/15 + m**5/30 + m**4/24 + 2*m**3 - 2*m**2. Let p be o(-4). What are the prime factors of (-4)/(-10) - p/20?
2, 3
Suppose -5*x - 3*a + 69 = 0, 3*a + 69 = 4*x + 3. Suppose x*c = -1306 + 3661. Let t = c - 92. What are the prime factors of t?
5, 13
Let s(i) = -2179*i + 1991. List the prime factors of s(-6).
5, 23, 131
Let z = 16970 - 9555. List the prime factors of z.
5, 1483
Let b be ((-55)/(-10) + -5)*(0 + 796). Let k = b + 568. List the prime factors of k.
2, 3, 7, 23
List the prime factors of (-5)/(-21 + -9) + 16013/6.
17, 157
Let t(g) = -g**3 - 29*g**2 + 42*g - 368. List the prime factors of t(-50).
2, 53, 59
Let n(t) = 117*t**2 - 4*t + 4. Let k(v) = v**3 - 8*v + 10. Let m be k(2). List the prime factors of n(m).
2, 29
Let j = -12346 + 31044. List the prime factors of j.
2, 9349
List the prime factors of ((-3306)/145)/((-2)/(3760/4)).
2, 3, 19, 47
Suppose 2 = -m - g, -5*g = -5*m + 4 + 26. Suppose 5*b - 2595 = -m*o - 36, 5*b - 2565 = -5*o. What are the prime factors of b?
7, 73
List the prime factors of (-2*((-99)/(-22))/9)/((-4)/215368).
2, 26921
Let s = -45 + 64. Let h = -18 + s. Let m = 165 + h. List the prime factors of m.
2, 83
Suppose -3*g + 3*v + 29633 = -v, -21 = -3*v. List the prime factors of g.
9887
Suppose -25*u - 63*u = -3244032. List the prime factors of u.
2, 3
Let q(t) be the first derivative of -t**4/4 - 3*t**2/2 - 6*t + 1. Suppose -b - 3*p + 6 = 0, 3*p = -0*b - 2*b + 3. List the prime factors of q(b).
2, 3, 5
Let y be 34/51 - 2732/(-6). Let q be 2/(-5) + 189/35. Suppose -3*v = i - q*i + 580, 0 = 3*i + 3*v - y. List the prime factors of i.
2, 37
What are the prime factors of 7/((-14)/466)*(-5)/1?
5, 233
Let o(w) be the third derivative of -w**4/3 - 25*w**3/6 + 3*w**2. Suppose 2*h - 2*y - 2*y = -18, y - 18 = 2*h. What are the prime factors of o(h)?
47
Suppose 5211*m = 5145*m + 2145924. List the prime factors of m.
2, 3, 5419
Suppose -2*i + 4*v = 10, -i = -2*i - 4*v + 25. Suppose -13 = -q + i*o - 3, 5*o = -5*q + 20. Let g(u) = 5*u**2 + 2*u - 6. List the prime factors of g(q).
3, 43
Suppose -z - z + 2 = 0. Let f(r) = -9*r**2 - r + 1. Let p be f(z). List the prime factors of (386/(-4))/(p/2 + 4).
193
Let i = -9822 - -10399. What are the prime factors of i?
577
Let x = 190 + 2646. What are the prime factors of x?
2, 709
Let j(a) = -a**3 + 10*a**2 - 10*a + 15. Suppose -9*s + 119 + 223 = 0. Suppose -4*o + s - 2 = 0. List the prime factors of j(o).
2, 3
Let f = 244 + 162. Let x = f + -240. Let t = x + -45. List the prime factors of t.
11
Let j(k) be the third derivative of -k**6/120 - 19*k**5/60 - 23*k**4/24 - k**3/2 + 114*k**2. List the prime factors of j(-19).
2, 7, 31
List the prime factors of (-15 + 207/18)*(-11344)/14.
2, 709
Let f = -723 - -729. Suppose 0 = -f*r + 14670 - 3702. What are the prime factors of r?
2, 457
Let j be (10 + 16/(-2))/(4/18). Suppose j*o + 2331 = 5*k + 5*o, 4*o = 4*k - 1864. List the prime factors of k.
467
Let l be 7/(35/(-15)) - -146. Suppose -4*k = -l - 85. Suppose 4*o - 5*x - 109 = -4*x, -3*x - k = -2*o. What are the prime factors of o?
3
Let k = 11540 - -7450. What are the prime factors of k?
2, 3, 5, 211
Let v(n) = 7*n + 5. Let q be v(-2). Let h(s) = 2*s**3 + 5*s**2 - 2*s + 4. Let k be h(4). List the prime factors of ((-3)/q)/(2/k).
2, 17
Suppose 2*l = 2, 10 = -y - 2*l + 7*l. Let m(a) = a**2 + 16*a + 11. Let o be m(y). Let k = 47 + o. What are the prime factors of k?
3
Let a be 2502/3*8/(-6) + -3. What are the prime factors of (6 + a/10)*(-1 + -1)?
211
Let t(l) = 6*l**2 - 23*l - 56. Let d(n) = n**2 - 2*n + 1. Let w(i) = -5*d(i) + t(i). What are the prime factors of w(-8)?
107
Let f = 69949 + -19614. What are the prime factors of f?
5, 10067
Let k(o) = -2*o**3 - 11*o**2 + 8*o + 514. What are the prime factors of k(-18)?
2, 5, 7, 11
Let o(l) = 6*l**2 - 20*l - 22. Let t be o(-8). Suppose -20*g + t = -19*g. What are the prime factors of g?
2, 3, 29
Suppose 4*o + 1358 = -6734. Let p = o - -3039. What are the prime factors of p?
2, 127
Let n be 8483/85 + 4/(-5). Suppose n - 39 = -5*b. What are the prime factors of (8/5)/(b/(-30))?
2
Let c(l) = l**3 + 17*l**2 + 6*l + 13. Let z be c(-17). Let r = 210 - z. What are the prime factors of r?
13, 23
Let k be (-7)/49 - -225*4/28. Suppo